 l - -58. Let w(g) = -g + 6. Give w(f).
-4
Let y(w) = -w**3 - 6*w**2 + 5*w - 4. Suppose a - 1 - 2 = -5*x, -3*a = -2*x + 25. Give y(a).
10
Let x(i) be the second derivative of -i**3/2 - i**2/2 + 57*i. Suppose 12 = -4*h + 2*g, -h - 3*h - 12 = -3*g. Calculate x(h).
8
Let t = 9 + 18. Suppose 4*r - 2 = -3*i, r + 3*r + 6 = i. Let x(n) = -30 - 2*n + n**i + 50 - t. What is x(5)?
8
Let p be 24*((-33)/(-18) + (-12)/8). Let j(u) = -u**3 + 7*u**2 + 3*u + 7. Determine j(p).
-33
Let z(w) = -w**3 - w**2 + 3*w + 1. Let k be 1 - 1 - (0 + 0)/(-6). Suppose f - 4*s = -18, -4*f + 4 = 3*s - k*s. Determine z(f).
-1
Let d(s) = -s**2 - s + 8. Let p be (-2)/(-5) - 6/(-10). Suppose -43 = 5*b - n, 2*b = -2*n - 3*n - p. Let k be 6/b - (-45)/60. Determine d(k).
8
Let f(o) = o + 5. Let n = 25 - 28. Let i(b) = 1. Let y(a) = n*i(a) - f(a). Calculate y(-7).
-1
Let o(x) = 3*x + 5*x**3 + 1 - x**3 - x**3 - 4*x**3. Let q be o(-2). Suppose -q*w - 5 = 2*u, -2*u - 9 = -0*w - w. Let s(n) = -n**2 - 3*n + 5. Calculate s(u).
1
Let v(k) = -k**3 - k**2 - k - 4. Suppose 9*j - j = 24. Suppose 3*r = -j*r. What is v(r)?
-4
Let n(x) = -7*x**2 - 13*x - 10. Let b(m) = -20*m**2 - 38*m - 29. Suppose j + 18 = 39. Suppose j - 75 = -9*q. Let w(a) = q*b(a) - 17*n(a). What is w(-5)?
6
Suppose -i + 0*i - 3 = p, 0 = -i - 4*p + 3. Let j(d) = 2*d - d - 4*d - 5 + 2*d. What is j(i)?
0
Suppose 13*q - 148 = -148. Let z(p) = -4*p**3 - 4*p**2 - 2*p + 5. Let o(y) = -5*y**3 - 5*y**2 - 3*y + 6. Let j(s) = 3*o(s) - 4*z(s). What is j(q)?
-2
Suppose -3*l - l = 16. Let z be (50/15)/(l/6). Let u(j) be the first derivative of -j**4/4 - 2*j**3 - 2*j**2 + 7*j + 3. Calculate u(z).
2
Let i(o) be the second derivative of -o**3/2 - 23*o**2 + 6*o - 11. What is i(-14)?
-4
Suppose 92*i - 18 = 93*i + 4*p, 21 = -2*i - 5*p. Let y = -10 - -22. Let l(s) = 7*s - i*s - 6*s + y. What is l(6)?
6
Let f = -211 + 217. Let u(v) = 3 + 6*v**2 - 2 + 0*v + v - v**3 - 4. Determine u(f).
3
Let l(s) = s**3 - 3*s. Let a(g) = 8*g**2 - 4*g + 8. Let p(x) = a(x) + l(x). Give p(-9).
-10
Let k(z) = 42*z**3 - 117*z**3 + 4*z**2 + 38*z**3 - 4 + 36*z**3. What is k(4)?
-4
Let l(b) be the third derivative of b**4/12 + 8*b**3/3 - 106*b**2. What is l(-7)?
2
Let d(h) = -6*h + 16*h - 77*h**2 + 76*h**2 + 19. Calculate d(11).
8
Let b be (-75)/10*-1*(-6)/(-9). Let c(u) = -u - 3. Give c(b).
-8
Let s(w) = -2*w**2 - w. Let v(g) = -13*g**2 + 3*g - 15. Let d(h) = -6*s(h) + v(h). Calculate d(6).
3
Let h(w) be the first derivative of w**3/3 + 3*w**2 - 854. Let a = -21 - -14. Give h(a).
7
Let f(i) = 6*i + 2. Suppose 13 + 1 = -7*k. Calculate f(k).
-10
Let b be (1 + 0)/(1/(-5)). Suppose 5 - 1 = 2*q. Let r(l) = l**3 - l**2 - l - 1. Let v(m) = -m**3 + 8*m**2 + 7*m + 4. Let s(x) = q*r(x) + v(x). Calculate s(b).
2
Let r = 10 + -7. Suppose -7*y - 4*c + 12 = -3*y, 3*c - 9 = 3*y. Suppose y = r*o - 7*o + 12. Let f(z) = z**3 - 3*z**2 + z + 3. What is f(o)?
6
Let n = -68 - -73. Suppose 0 = 3*g - 3*u - 6, 3*u - 20 = -n*g + 6. Let q(s) = s**3 - 3*s**2 - 7*s + 6. Calculate q(g).
-6
Let b(z) = 0*z - 2*z + z**2 + 5*z. Let h(c) = 24*c + 260. Let j be h(-11). Calculate b(j).
4
Suppose 0 = 2*r - 2*z + 3 + 1, -21 = -2*r - 3*z. Let q(y) be the first derivative of y**2 + 3*y + 2. Calculate q(r).
9
Let r = -311 - -323. Let t(q) = 2*q - 28. What is t(r)?
-4
Let m(s) = 8*s**2 + 2*s - 2. Let b(j) = -j**2 - 22*j - 2. Let t be b(-22). Calculate m(t).
26
Let z be -2 + 3 + 1 + 3. Let n(w) = -6*w + 34 + z*w - 36. Determine n(2).
-4
Let c(x) = x**3 + 5*x**2 + x + 4. Let y be 7 + -17 + 5 + 0. Give c(y).
-1
Let k be (-1 - 1)*(-21)/(-6). Let j(v) = -v - 4. Let q(u) = -10*u - 39. Let h(b) = 8*j(b) - q(b). Determine h(k).
-7
Let j be (-3 - 0 - 1)/(-2). Let g be (-2)/4*(-10 + j). Let o(z) = 33*z + 31*z - 66*z + 2. Determine o(g).
-6
Let t(r) = 2*r - 18. Let k be t(10). Let p(z) = -3*z**2 - z**3 + 5 - 4*z**2 + z**2 + z**k. Determine p(-4).
-11
Let i = -29 + 33. Let y(j) = 15*j**3 - 5 + i - 2*j**3 + 3*j**2 - 2*j**2. Give y(1).
13
Let q(w) = 8*w - 2. Let y(k) = k**3 - 5*k**2 + 17*k - 88. Let d be y(5). What is q(d)?
-26
Let g(j) = j**3 + 8*j**2 + 7*j + 8. Let v be -5*15/(-25) - 10. Give g(v).
8
Let i(a) = -a + 4. Let t(h) = -2*h**2 - 18*h + 2. Let u be t(-8). Suppose -4*l = -s - 2, -3*s + 2*l - 4 = -u. Calculate i(s).
-2
Let f be (18/15)/(2 + 115/(-50)). Let o(v) = -2*v. What is o(f)?
8
Let q(n) = 3*n**2 - 7*n + 22. Let d(p) = -8*p**2 + 20*p - 62. Let s(f) = -4*d(f) - 11*q(f). Calculate s(2).
-4
Let m(d) be the first derivative of d**3/3 - d**2 + d - 10. Let o(t) = -t**2 + 2*t - 2. Suppose -18 = -5*k - 8. Let b(p) = k*o(p) + 3*m(p). What is b(3)?
2
Suppose -12 - 3 = 3*a. Let r(v) = -v - 1. Let z(p) = p**3 + 4*p**2 - 5*p. Let f(y) = r(y) - z(y). Give f(a).
4
Let z(n) = -95*n - 9 - 96*n - 94*n + 376*n - 92*n. Give z(10).
-19
Let j(y) be the second derivative of -37*y + y**2 - 1/2*y**3 + 0 - 1/4*y**4 + 1/10*y**5. Determine j(3).
20
Let d(f) = 19*f + 5 + 8*f - 30*f. What is d(4)?
-7
Let g = 101 + -103. Let z(s) = -s**3 + 2*s**2 + 3*s - 6. Let i(l) = 5*l**3 - 9*l**2 - 13*l + 23. Let o(y) = g*i(y) - 9*z(y). What is o(0)?
8
Let k(r) be the second derivative of -r**4/12 + 2*r**3/3 + 2*r**2 - 23*r. What is k(7)?
-17
Let g = -41 - -47. Let t be g/12 - 9/6. Let y(r) be the first derivative of -3*r**2/2 + r - 1. Calculate y(t).
4
Let q(l) = -17*l - 1103. Let y be q(-65). Let b(r) be the first derivative of -4/3*r**3 + 0*r**y + 1/4*r**4 - 11 + 2*r. Give b(3).
-7
Let g be (2 + 1 - 5) + 19. Suppose -25 = 4*m + 5*a, 0*m - 2*m - g = a. Let z be ((-5)/m + -1)*-12. Let o(d) = -3*d + 9. What is o(z)?
-9
Let f = 59 + -99. Let z = f - -35. Let h(m) be the second derivative of m**4/12 + 5*m**3/6 - m**2/2 + 2*m. Give h(z).
-1
Let m(y) = y - 2. Let c(h) = -h**3 + 4*h**2 + 2*h - 5. Let d be c(4). Suppose o - d - 4 = 0. Calculate m(o).
5
Let b(j) = 3*j**2 - 2*j - 2. Let d be b(2). Let m be d/(-18) - 26/(-6). Let s(g) = 2*g - 2. Let z be s(m). Let w(f) = -f**3 + 6*f**2 + f. Give w(z).
6
Let s(d) = 9*d + 2. Suppose 13*h + 8 = 9*h. Determine s(h).
-16
Let f = 230 - 228. Let a(x) = -6*x**2 - 2*x + 2. Calculate a(f).
-26
Let r(v) = 162*v**2 + 2*v - 172*v**2 - v - 3*v + 3. What is r(2)?
-41
Let t = 423 + -413. Let a(l) = -2*l - 2. Determine a(t).
-22
Let r(w) = w**2 + 29*w + 163. Let m be r(-8). Let c(a) = a**3 + 4*a**2 - 8*a - 9. Calculate c(m).
6
Let q(z) = -z**3 - 6*z**2 - 5*z - 5. Let k(t) = -t**3 + 9*t**2 - 8*t + 5. Let n be k(8). Suppose -4*g - n*m = 35, -g - 2*m - 11 = -0*g. Determine q(g).
-5
Let q(r) = r**2 + 5*r - 1. Let k(o) = o**2 + 5*o - 9. Let x be k(-7). Suppose 19 = -x*l - 11. What is q(l)?
5
Let a be (-414)/(-644) - (-2)/(-14). Let r(y) be the third derivative of 0 + 0*y - 13*y**2 + 1/24*y**4 - a*y**3. Give r(7).
4
Let q(r) = r**3 + 4*r**2 + 3*r + 1. Let v(f) = f**2 + 3*f - 2. Let n be v(-3). Give q(n).
3
Let a(k) be the second derivative of -k**7/2520 - k**5/30 + 7*k**4/12 - 12*k. Let r(o) be the third derivative of a(o). What is r(0)?
-4
Let n be (2/(-1))/(1 + -1 + -1). Let f(r) = -2*r + 2*r - r - 3*r**n + r**3. What is f(4)?
12
Suppose 0 = -3*k - 4*o + 5, 5*o + 0 = 5*k - 55. Let z(d) = -k + d**2 - d**3 - 8*d - 3*d**2 - 6*d**2. What is z(-7)?
0
Let f(k) = k**2 - 6*k + 9. Suppose 0 = 219*p - 221*p + 10. Calculate f(p).
4
Suppose 49 = -9*a + 2*a. Let w(u) = -u**2 - u + 17. Give w(a).
-25
Suppose 11 + 16 = 3*s - 3*l, 4*s + l = 26. Let c(y) = 5 - 2*y + s + 8 - 14. Suppose 2 = k - u - 0, 2*k - 8 = u. Determine c(k).
-6
Let r(y) = -y**2 + 5*y - 2. Let l be r(5). Let i(n) be the first derivative of n**4/4 - 2*n**3/3 - 2*n**2 - 3*n + 10. What is i(l)?
-11
Suppose -j + 3 = 1. Let l(t) = -6*t**2 + 2*t - 3. Give l(j).
-23
Let t(s) = -4*s + 2. Let q be (-3)/(-15) - 216/(-20). Suppose -3*f + q = 2. Suppose 11 = -x + 3*c, -f*c - c + 4 = 4*x. Determine t(x).
10
Let l(h) = 3*h - 1. Let a(t) be the first derivative of t**3/3 - t**2/2 + 10. Let n(g) = -2*a(g) - l(g). What is n(1)?
-2
Let z be (-2 - -6) + 4 + -6. Suppose -2*g + z = -0, 3*n = -3*g + 72. Let f = n - 21. Let k(l) = -l**3 + l**2. Determine k(f).
-4
Let k(b) be the second derivative of -b**5/20 + b**4/4 - 2*b**3/3 + 13*b**2/2 - 362*b. What is k(3)?
1
Let z(v) = v**3 + 6*v**2 - 7*v + 4. Let q be z(-7). Suppose 17 - 45 = -q*i. Let k(x) = x**3 - 6*x**2 - 7*x - 6. Determine k(i).
-6
Let o